 + 1302/27. Calculate the highest common factor of s and f.
6
Let q be (10/(-25))/((4/(-15))/2). What is the greatest common factor of 93 and q?
3
Let p = 380 - 369. Suppose 2*k = -0*k + 176. What is the greatest common factor of k and p?
11
Let q = 47 - -34. What is the greatest common divisor of q and 36?
9
Let f = 20 + -32. Let s = -2 - f. Calculate the highest common divisor of s and 2.
2
Let o = 252 + -239. Calculate the highest common divisor of 169 and o.
13
Let h be (-16)/12*-3 - -227. What is the highest common factor of 33 and h?
33
Let w = -4948 - -2680. Let k be -70*1/3*w/147. What is the greatest common factor of k and 40?
40
Suppose 3*p = 4*d - 47, 2*p + 11 - 31 = -2*d. Suppose -n = -5*n + 12. Suppose x - 58 = -n. Calculate the greatest common divisor of d and x.
11
Suppose 0 = 4*i + 1 + 23. Let b(p) = p**2 - 3*p + 2. Let m be b(i). Let g = 25 + -18. Calculate the highest common divisor of m and g.
7
Let f = 208 - 96. Let a(y) be the first derivative of y**3/3 + 3*y**2 + 7*y - 6. Let h be a(-7). What is the highest common divisor of f and h?
14
Suppose -6*g = -3*g - 51. Let v be (-6)/15 + (348/20 - 0). Calculate the greatest common factor of g and v.
17
Let j(c) = -c**3 - 3*c**2. Let r be j(-3). Suppose h + 3*y - 36 = r, 3*y - 15 = -0*y. Calculate the highest common factor of h and 168.
21
Let g(r) = 5*r - 9. Let c(t) = t**3 - 8*t**2 + t - 1. Let d = 3 - -5. Let s be c(d). Let n be g(s). Calculate the highest common factor of n and 13.
13
Let a = -61 + 206. Let k = a + -80. Let o(b) = b**3 - 3*b**2 - 5*b + 1. Let q be o(5). What is the greatest common divisor of k and q?
13
Let v be 90/36*(-15 + 1). Let k = v - -39. What is the highest common factor of 4 and k?
4
Let n = 74 - 39. What is the highest common divisor of n and 15?
5
Let i = 1551 - 1534. Let g = -102 + 153. What is the greatest common divisor of i and g?
17
Let b = -107 + 119. Let o = -4593 - -917. Let v be (-4)/34 - o/34. What is the highest common factor of b and v?
12
Suppose -68 = -16*r + 14*r. Calculate the highest common factor of 544 and r.
34
Let n = 45 + -47. Let q be (-12 + n + 8)*2*-3. What is the highest common factor of 252 and q?
36
Suppose 0 = 8*q - 96 - 360. What is the greatest common factor of 133 and q?
19
Let q = 8 + -5. Suppose 0 = 3*g + 2*c - 42, q*c - 56 = -5*g + g. Let a be ((-28)/(-9))/((-76)/(-1710)). Calculate the greatest common factor of a and g.
14
Let y(j) = -j**2 + 16*j - 57. Let f be y(9). Calculate the highest common divisor of f and 102.
6
Let w(l) = -l**3 - 5*l**2 + 8. Let b be w(-6). What is the greatest common divisor of b and 110?
22
Let p = -1898 + 2173. What is the highest common divisor of 75 and p?
25
Let k(w) = -17*w**2 - 36*w - 3. Let a be k(-2). What is the greatest common divisor of 277 and a?
1
Suppose 6*w - 5*n = 3*w + 195, 12 = -4*n. What is the highest common factor of w and 114?
6
Let d = -173 + 1504. Calculate the highest common divisor of 11 and d.
11
Let q = 9 - 5. Suppose -q*r + 126 = -3*r. What is the greatest common factor of r and 18?
18
Suppose -j + 3*u + 24 = -2*u, -u - 120 = -5*j. Calculate the highest common factor of 128 and j.
8
Let z be 30 - ((-36)/(-10) - 34/(-85)). Calculate the greatest common divisor of z and 10.
2
Let o be 30*-3*(-2)/4. Suppose -26*g - 66*g + 1215 = 43*g. Calculate the highest common factor of g and o.
9
Let r = 2742 - 2658. Let o be (50/8 - 1)*24. What is the greatest common divisor of r and o?
42
Suppose -5 = -4*t - w, 3*t + 5*w - 3*w = 0. Suppose -3*x + v = 2*v - 7, t*v = -10. Suppose 3 = x*g - 5. Calculate the highest common divisor of g and 14.
2
Let w = -36 + 55. Let h = 23 - w. Suppose 2*r = -2, 0*s + 3*r = -5*s + 17. Calculate the greatest common factor of s and h.
4
Let g be (7 - 0) + (486 - -34). Calculate the highest common factor of 17 and g.
17
Suppose 1 = 4*o - 83. Calculate the greatest common divisor of o and 28.
7
Suppose -q - 1704 = -3*p, -5*p + 5*q - 2272 = -9*p. Calculate the greatest common factor of 8 and p.
8
Suppose 2*a + 0 = -2*t + 42, 3*t = 0. What is the greatest common factor of a and 483?
21
Suppose t = -2*t + 6. Suppose 6*n - t*n = 184. Let s = -512 + 535. Calculate the greatest common divisor of n and s.
23
Suppose -370 = -10*z + 190. What is the greatest common divisor of 84 and z?
28
Let s = -34 - 100. Let n = s + 170. Calculate the highest common factor of 54 and n.
18
Let l = 38 + -21. Let z(r) = -30*r - 1. Let y be z(-4). What is the greatest common divisor of y and l?
17
Let f = 13863 - 8026. What is the highest common factor of 13 and f?
13
Let m be (-4)/12 - 11/3. Let k be ((-242)/(-33))/(m/(-6)). Let h = k + 4. What is the greatest common factor of h and 15?
15
Let l be 6/((-1)/(-2) + 1). Suppose 2*j + n = -j + 26, 23 = l*j - n. Calculate the highest common factor of 21 and j.
7
Let i(m) = -m**3 + 7*m**2 - 6*m + 4. Let r be i(6). Suppose -t - r*t + 30 = 0. What is the highest common factor of 15 and t?
3
Let o = 288 + -246. Let g(v) = -v**3 - 4*v**2 + 6*v. Let x be g(-7). Calculate the greatest common factor of x and o.
21
Let h(m) = -45*m**3 - 3*m**2 - 2*m. Let k be h(-2). Calculate the highest common divisor of k and 22.
22
Suppose -4*b = -0*b - 8. Suppose 3 = q - b. Let h be (33/6*-3)/(12/(-40)). Calculate the highest common factor of q and h.
5
Let s = 1365 + -721. What is the greatest common factor of 23 and s?
23
Let j = -114 + 184. Let t(f) = f + 19. Let u be t(16). What is the greatest common factor of j and u?
35
Let o be 819/(-7)*(-4)/3. Calculate the highest common divisor of 36 and o.
12
Suppose -27*m = -26*m - 4. Let d(q) = -q**3 + 7*q**2 - 2*q. Let f be d(m). Calculate the highest common factor of f and 20.
20
Suppose -209*g - 260 = -222*g. Calculate the highest common factor of 8 and g.
4
Suppose 652 = h + 93. Suppose 13*j = 39 + h. Calculate the greatest common factor of j and 23.
23
Let x(b) = b**3 - 31*b**2 + 49*b - 107. Let l be x(32). What is the greatest common factor of 35 and l?
35
Suppose 9 = -3*y + 5*s, 13 = -0*y + 2*y + 3*s. Let b be (-26)/8*(-64)/y. Calculate the highest common factor of b and 13.
13
Let o be 492240/350 - ((-4)/(-10) - 0). What is the greatest common divisor of 38 and o?
38
Suppose 0 = -8*o + 5778 - 5602. Let n = 59 - 37. Calculate the highest common divisor of n and o.
22
Let g(f) = -21*f**2 + 3*f. Let a be g(-2). Let x be ((-18)/(-10))/((-27)/a). Calculate the highest common factor of 30 and x.
6
Let y = 182 + -122. Let l = y - 34. Calculate the highest common factor of 182 and l.
26
Let y be (-6)/39 - 18350/(-130). Calculate the greatest common divisor of y and 235.
47
Suppose 3*w - 5*w = 2. Let a be w/8 + ((-2386)/(-16) - 5). Calculate the highest common factor of a and 18.
18
Let c be (-4)/((-16)/10) - (-513)/2. Calculate the greatest common factor of c and 37.
37
Suppose -2*f + 8 = -2*v - v, -2*v + 4*f + 8 = 0. Let p(w) = w**2 + 2*w - 16. Let l be p(v). Calculate the highest common divisor of 64 and l.
8
Suppose -5*u - 104 + 28 = -2*v, 0 = 2*u - 8. What is the greatest common factor of 432 and v?
48
Suppose -3*a + 28 = -56. Suppose 4*u - 3*t = 27, 0 = u + 3*u - 4*t - a. Calculate the greatest common divisor of u and 6.
6
Suppose -2*l - 5*n = 29, -3*l = n + 35 + 15. Let m = -34 - l. Let v = 7 - m. What is the greatest common divisor of 72 and v?
24
Let h = -129 - -131. Suppose 8*m - h*m = 66. Calculate the highest common divisor of 55 and m.
11
Let f(a) = a + 11. Suppose 0 = 4*o - 9*o + 145. Suppose o = 4*w - 23. Let t be f(w). What is the greatest common divisor of 120 and t?
24
Let k = 587 + -391. Calculate the highest common divisor of 42 and k.
14
Let u(g) = -g**3 + 13*g**2 + 34*g - 17. Let n be u(15). Calculate the greatest common factor of n and 86.
43
Let r = 159 - 98. Let w = 306 - 171. Let z = w + r. What is the highest common divisor of 28 and z?
28
Let y(q) = q**2 - 4*q + 21. Let k be y(0). Let l = k - 9. Calculate the highest common factor of l and 3.
3
Suppose -156 = -8*d - 20. What is the greatest common factor of d and 1343?
17
Let z = -745 - -808. What is the greatest common divisor of z and 56?
7
Suppose 282 = -60*w + 62*w. What is the greatest common factor of 47 and w?
47
Suppose 5*d = 15 - 10. Let u(y) = 2*y**3. Let r be u(d). Suppose 8 = j - m - 5, 0 = -5*j + r*m + 62.